t common factor of 342 and 91029?
57
What is the highest common divisor of 25263 and 147?
21
Calculate the greatest common factor of 12206 and 1292.
34
Calculate the highest common divisor of 768 and 822048.
96
Calculate the greatest common factor of 413344 and 8.
8
Calculate the greatest common divisor of 3031270 and 374.
374
What is the greatest common divisor of 4035 and 1695?
15
Calculate the highest common divisor of 10098783 and 27.
27
Calculate the greatest common divisor of 262176 and 672.
96
Calculate the highest common divisor of 6292 and 4459.
13
What is the greatest common divisor of 21 and 1841364?
21
What is the highest common divisor of 16 and 1318336?
16
What is the greatest common divisor of 840 and 282760?
40
What is the highest common divisor of 42 and 149604?
42
What is the highest common divisor of 481878 and 1938?
114
What is the greatest common factor of 130 and 3070?
10
What is the greatest common factor of 166 and 124417?
83
Calculate the highest common factor of 2669898 and 132.
66
What is the highest common divisor of 42 and 7368?
6
Calculate the greatest common divisor of 8520 and 284355.
1065
Calculate the greatest common factor of 510 and 9350.
170
Calculate the highest common factor of 876225 and 21.
21
Calculate the highest common factor of 5229 and 8799.
21
Calculate the highest common factor of 53112 and 56.
8
What is the highest common factor of 19839 and 255?
51
Calculate the greatest common divisor of 7 and 9304.
1
Calculate the greatest common factor of 82751 and 83.
83
What is the greatest common factor of 14041832 and 14?
14
Calculate the greatest common divisor of 4630540 and 1640.
820
Calculate the highest common factor of 875936 and 1550.
62
What is the highest common divisor of 1140996 and 24?
12
What is the highest common divisor of 58 and 5282?
2
Calculate the greatest common divisor of 2690 and 175926.
538
Calculate the greatest common factor of 267 and 834.
3
What is the highest common divisor of 12 and 12597?
3
Calculate the highest common factor of 2134 and 37054.
194
What is the greatest common divisor of 103980 and 45?
15
What is the greatest common divisor of 8 and 3676?
4
Calculate the highest common factor of 161684 and 83.
83
Calculate the greatest common divisor of 23653 and 19313.
217
Calculate the greatest common divisor of 1017 and 1360746.
1017
Calculate the greatest common factor of 1628 and 300773.
407
Calculate the highest common factor of 13694 and 82.
82
What is the greatest common factor of 21025 and 155150?
725
What is the highest common divisor of 12856789 and 11?
11
What is the highest common factor of 482 and 895315?
241
Calculate the highest common divisor of 101 and 374609.
101
What is the greatest common factor of 2198605 and 603?
67
What is the greatest common factor of 168 and 3144?
24
Calculate the highest common factor of 1197 and 170919.
63
Calculate the highest common divisor of 24 and 4740.
12
What is the greatest common divisor of 21721 and 23968?
749
What is the highest common divisor of 348 and 8508?
12
Calculate the highest common factor of 975 and 1173120.
195
What is the greatest common divisor of 174 and 313838?
58
Calculate the highest common factor of 5769 and 153.
9
What is the highest common divisor of 45625 and 292?
73
What is the greatest common factor of 6 and 584529?
3
Calculate the highest common factor of 58425 and 627.
57
What is the greatest common factor of 296280 and 372?
12
Calculate the greatest common divisor of 20 and 17348.
4
Calculate the highest common divisor of 41004 and 918.
306
What is the greatest common divisor of 113352 and 216?
24
What is the highest common divisor of 689541 and 6?
3
Calculate the greatest common factor of 315 and 1033365.
15
Calculate the greatest common divisor of 16016 and 520.
104
What is the greatest common divisor of 186 and 30783?
93
Calculate the highest common divisor of 2568 and 52032.
24
What is the highest common factor of 6509 and 92?
23
What is the greatest common factor of 11127 and 12?
3
What is the greatest common divisor of 586148 and 290?
58
What is the greatest common factor of 3390 and 810?
30
Calculate the greatest common divisor of 3146 and 8268.
26
What is the highest common divisor of 1670209 and 166?
83
What is the highest common divisor of 144 and 69924?
12
Calculate the highest common divisor of 36 and 8361.
9
What is the highest common divisor of 29329 and 4309?
139
What is the greatest common divisor of 3799 and 393?
131
What is the highest common factor of 562143 and 345?
69
Calculate the greatest common divisor of 143 and 10087.
11
What is the highest common divisor of 1983 and 2187249?
1983
What is the greatest common factor of 370446 and 348?
174
Calculate the highest common divisor of 1416 and 2048244.
708
What is the greatest common divisor of 790 and 2810?
10
What is the greatest common divisor of 413 and 979813?
59
What is the greatest common factor of 524 and 1903430?
262
Calculate the greatest common factor of 3115 and 5075.
35
What is the highest common divisor of 12 and 45824?
4
What is the highest common factor of 3 and 12694?
1
What is the greatest common divisor of 48 and 158856?
24
What is the highest common factor of 6400072 and 1288?
1288
What is the highest common factor of 205828 and 28?
28
What is the highest common factor of 420 and 31245?
15
Calculate the highest common divisor of 1958360 and 346.
346
Calculate the highest common divisor of 98642 and 430.
86
What is the greatest common factor of 184 and 37096?
8
Calculate the highest common divisor of 660 and 64620.
60
Calculate the highest common divisor of 2891 and 10325.
413
What is the highest common divisor of 101 and 64?
1
What is the highest common divisor of 284 and 19519036?
284
Calculate the highest common factor of 1226 and 90111.
613
What is the greatest common factor of 8820 and 27?
9
What is the greatest common divisor of 9282 and 1295502?
1326
What is the highest common divisor of 49996 and 1044?
116
What is the highest common factor of 14163984 and 1944?
1944
What is the highest common divisor of 22504 and 7192?
232
What is the highest common factor of 5803 and 1281?
7
What is the highest common factor of 5412 and 25212?
132
What is the greatest common divisor of 12190 and 35?
5
What is the greatest common factor of 720 and 1015680?
240
What is the greatest common factor of 131 and 158903?
131
Calculate the highest common divisor of 585 and 2760810.
195
What is the greatest common factor of 43072 and 208?
16
Calculate the highest common divisor of 44658 and 1917.
27
Calculate the greatest common factor of 99728 and 46.
46
Calculate the highest common divisor of 48 and 14646.
6
What is the greatest common factor of 996933 and 783?
87
What is the highest common factor of 5974 and 66613?
29
What is the highest common divisor of 5964 and 483?
21
What is the greatest common divisor of 8599740 and 60?
60
What is the highest common factor of 3975 and 36000?
75
Calculate the highest common divisor of 952 and 1321852.
476
What is the greatest common divisor of 460 and 1546060?
460
Calculate the greatest common factor of 10989 and 264.
33
What is the greatest common factor of 766652 and 2192?
548
Calculate the highest common factor of 39788 and 84.
28
What is the greatest common divisor of 18735 and 885?
15
Calculate the greatest common factor of 21567568 and 44.
44
Calculate the highest common divisor of 2016 and 229278.
42
What is the greatest common factor of 99 and 46539?
9
Calculate the highest common divisor of 87914 and 27230.
778
What is the highest common factor of 143 and 69311?
11
Calculate the greatest common factor of 288 and 1057896.
72
Calculate the greatest common factor of 3355 and 818315.
305
What is the highest common factor of 132 and 166188?
132
Calculate the highest common factor of 45 and 11355.
15
Calculate the highest common divisor of 1215 and 3624.
3
What is the highest common factor of 759 and 83536?
23
What is the greatest common divisor of 777 and 3052056?
777
What is the highest common divisor of 38582 and 202?
202
Calculate the highest common factor of 526 and 707733.
263
Calculate the greatest common divisor of 29895 and 15.
15
Calculate the highest common divisor of